{"id":134,"date":"2013-09-13T09:57:26","date_gmt":"2013-09-13T08:57:26","guid":{"rendered":"https:\/\/weltwaldwiesen.de\/weichenstellen\/?page_id=134"},"modified":"2022-10-07T17:04:47","modified_gmt":"2022-10-07T15:04:47","slug":"was-biete-ich-an","status":"publish","type":"page","link":"https:\/\/www.weltwaldwiesen.de\/weichenstellen\/mein-selbstverstaendnis\/wer-bin-ich\/was-biete-ich-an\/","title":{"rendered":"Was biete ich an?"},"content":{"rendered":"<h2><a href=\"https:\/\/weltwaldwiesen.de\/weichenstellen\/wp-content\/uploads\/2013\/09\/PA033242_klein2.jpg\"><img loading=\"lazy\" class=\"aligncenter wp-image-767 size-medium\" src=\"https:\/\/weltwaldwiesen.de\/weichenstellen\/wp-content\/uploads\/2013\/09\/PA033242_klein2-225x300.jpg\" alt=\"PA033242_klein\" width=\"225\" height=\"300\" srcset=\"https:\/\/www.weltwaldwiesen.de\/weichenstellen\/wp-content\/uploads\/2013\/09\/PA033242_klein2-225x300.jpg 225w, https:\/\/www.weltwaldwiesen.de\/weichenstellen\/wp-content\/uploads\/2013\/09\/PA033242_klein2.jpg 400w\" sizes=\"(max-width: 225px) 100vw, 225px\" \/><\/a><\/h2>\n<h2 style=\"text-align: center;\"><span style=\"font-family: verdana,geneva; font-size: medium;\"><span style=\"color: #ff0000; font-size: 24pt;\"><strong>WEICHEN STELLEN<\/strong> <\/span><\/span><\/h2>\n<h2>geht davon aus, dass unser Leben niemals gradlinig verl\u00e4uft. Unser Leben ist &#8218;im Fluss&#8216; und unterliegt Einfl\u00fcssen, die den Lebensgang ver\u00e4ndern. Manchmal bedarf es der &#8218;Kurs&#8216;-Korrektur.<\/h2>\n<hr \/>\n<p><em><span style=\"font-size: 14pt; font-family: verdana, geneva, sans-serif;\">An einer Weiche werden im Bahnverkehr Richtungen entschieden. Im Weichenbau wird das daf\u00fcr zentrale Element &#8218;Herz-St\u00fcck&#8216; genannt. Es wird zur Festlegung der Richtung gebraucht. Dieses <strong>HERZ<\/strong>st\u00fcck ist wesentlich!<\/span><\/em><\/p>\n<p style=\"text-align: center;\"><a href=\"https:\/\/www.weichenstellen.de\/blog\/wp-content\/uploads\/2021\/10\/Weichen_0003-2.jpg\"><img loading=\"lazy\" class=\"alignnone size-medium wp-image-10056\" src=\"https:\/\/www.weichenstellen.de\/blog\/wp-content\/uploads\/2021\/10\/Weichen_0003-2-207x300.jpg\" alt=\"\" width=\"207\" height=\"300\" srcset=\"https:\/\/www.weltwaldwiesen.de\/weichenstellen\/wp-content\/uploads\/2021\/10\/Weichen_0003-2-207x300.jpg 207w, https:\/\/www.weltwaldwiesen.de\/weichenstellen\/wp-content\/uploads\/2021\/10\/Weichen_0003-2.jpg 365w\" sizes=\"(max-width: 207px) 100vw, 207px\" \/><\/a><\/p>\n<hr \/>\n<p><strong><span style=\"font-family: verdana,geneva; font-size: 14pt;\">Solche Notwendigkeit ergibt sich zum Beispiel dann, wenn sich Vorstellung von Lebens-Sinn und gelebter Praxis nicht mehr decken. Wer sich einer solchen Korrektur nicht stellt, kann schnell zum &#8222;Spielball&#8220; der Einfl\u00fcsse werden und kann in Abh\u00e4ngigkeiten unterschiedlicher Art geraten.<\/span><\/strong><\/p>\n<p><span style=\"font-family: verdana,geneva; font-size: 14pt;\">H\u00e4ufig erkennen Menschen die Notwendigkeit einer solchen aktiven Einflussnahme erst dann, wenn es beeintr\u00e4chtigende St\u00f6rungen gibt. Solche St\u00f6rungen wiederum k\u00f6nnen gerade die Kr\u00e4fte binden, die gebraucht werden, um bewusst zu ver\u00e4ndern.<\/span><br \/>\n<span style=\"font-family: verdana,geneva; font-size: 14pt;\"> <strong>WEICHEN STELLEN<\/strong> m\u00f6chte hier Hilfe anbieten.<\/span><\/p>\n<p><span style=\"font-family: verdana,geneva; font-size: 14pt;\">Das kann<\/span><\/p>\n<ul>\n<li><span style=\"font-family: verdana,geneva; font-size: 14pt;\">f\u00fcr jeden pers\u00f6nlich,<\/span><\/li>\n<\/ul>\n<ul>\n<li><span style=\"font-family: verdana,geneva; font-size: 14pt;\">f\u00fcr die Partnerschaft,<\/span><\/li>\n<\/ul>\n<ul>\n<li><span style=\"font-family: verdana,geneva; font-size: 14pt;\">f\u00fcr die Familie,<\/span><\/li>\n<\/ul>\n<ul>\n<li><span style=\"font-family: verdana,geneva; font-size: 14pt;\">f\u00fcr die berufliche Aufgabe<\/span><\/li>\n<\/ul>\n<p style=\"padding-left: 30px;\"><span style=\"font-family: verdana,geneva,sans-serif; font-size: 14pt;\">von Bedeutung sein.<\/span><\/p>\n<p style=\"text-align: center;\"><a href=\"https:\/\/weltwaldwiesen.de\/weichenstellen\/wp-content\/uploads\/2013\/09\/Karik.jpg\"><img loading=\"lazy\" class=\"size-medium wp-image-137 aligncenter\" src=\"https:\/\/weltwaldwiesen.de\/weichenstellen\/wp-content\/uploads\/2013\/09\/Karik-300x139.jpg\" alt=\"Karik\" width=\"411\" height=\"190\" srcset=\"https:\/\/www.weltwaldwiesen.de\/weichenstellen\/wp-content\/uploads\/2013\/09\/Karik-300x139.jpg 300w, https:\/\/www.weltwaldwiesen.de\/weichenstellen\/wp-content\/uploads\/2013\/09\/Karik.jpg 542w\" sizes=\"(max-width: 411px) 100vw, 411px\" \/><\/a><\/p>\n<p><span style=\"font-family: verdana,geneva; font-size: 14pt;\">F\u00fcr die Reflexion bedarf es h\u00e4ufig eines Menschen als Gegen\u00fcber, der zun\u00e4chst Abstand hat und nicht selbst Teil des eigenen &#8222;sozialen Systems&#8220; ist.<\/span><br \/>\n<span style=\"font-family: verdana,geneva; font-size: 14pt;\"> Wenn dieser dar\u00fcber hinaus Erfahrung in Gespr\u00e4chsf\u00fchrung hat und auch sonst \u00fcber Methoden verf\u00fcgt, die zur Betrachtung der eigenen Situation helfen, kann solches \u00dcberdenken Kr\u00e4fte freisetzen und motivieren, WEICHEN zu STELLEN.<\/span><br \/>\n<span style=\"font-family: verdana,geneva; font-size: 14pt;\"> <strong> Im folgenden finden Sie die Konkretisierung meiner Angebote<\/strong>.<\/span><\/p>\n<hr \/>\n<p style=\"padding-left: 30px;\"><span style=\"font-family: verdana,geneva; font-size: 14pt;\"><strong>BERATUNG<\/strong><\/span><br \/>\n<span style=\"font-family: verdana,geneva; font-size: 14pt;\">&#8218;Guter Rat ist teuer&#8216;, sagt der Volksmund, weil es ihn selten gibt. Beratung meint Begleitung des Ratsuchenden, damit dieser selbst die L\u00f6sung seines Problems findet. Ziele sind, die eigene Handlungsf\u00e4higkeit in blockierenden Situationen (wieder) zu gewinnen und in Konfliktf\u00e4llen eine L\u00f6sung ohne Sieger und Besiegte zu finden.<\/span><br \/>\n<span style=\"font-family: verdana,geneva; font-size: 14pt;\"> F\u00fcr solche Begleitung gibt es bestimmte Methoden des Zuh\u00f6rens und des Intervenierens. Schon allein die Tatsache, sich auszusprechen, kann zu einer zur Entlastung und zu einer ersten Kl\u00e4rung f\u00fchren.<\/span><br \/>\n<span style=\"font-family: verdana,geneva; font-size: 14pt;\"> Am Ende einer Beratung kann auch die Entscheidung stehen, therapeutische Hilfe in Anspruch zu nehmen.<\/span><\/p>\n<hr \/>\n<p style=\"padding-left: 30px;\"><span style=\"font-family: verdana,geneva; font-size: 14pt;\"><strong>SEELSORGE<\/strong><\/span><br \/>\n<span style=\"font-family: verdana,geneva; font-size: 14pt;\"> In der Seelsorge geht es darum, die &#8218;inneren Kr\u00e4fte&#8216; verwendbar zu machen, die zwar vorhanden sind, aber nicht zur &#8218;freien&#8216; Verf\u00fcgung stehen. Kreative Methoden und Rituale k\u00f6nnen helfen.<\/span><br \/>\n<span style=\"font-family: verdana,geneva; font-size: medium;\"><span style=\"font-size: 14pt;\"> F\u00fcr mein Angebot ist der R\u00fcckgriff auf die christliche Botschaft von Bedeutung. In den Hoffnungs- und Gewissheitsgeschichten der Bibel sind die seelsorgerlichen Anliegen &#8218;verdichtet&#8216;. Im bibliodramatischen Erarbeiten dieser Geschichten zum Beispiel k\u00f6nnen die oben genannten &#8218;blockierten&#8216; Kr\u00e4fte freigesetzt werden. Das ist ihr Geheimnis! Unsere Vorfahren bezeichneten sie aus solcher Erfahrung als &#8218;Gottes Wort&#8216;. Die eigene Lebenssituation in Verbindung mit grundlegenden Aussagen der christlichen<\/span> Botschaft zu bringen, schafft eine entlastende und befreiende Sicht.<\/span><\/p>\n<p style=\"padding-left: 30px;\"><span style=\"font-family: verdana,geneva; font-size: 14pt;\"><strong>Beispiel<\/strong><\/span><\/p>\n<p style=\"text-align: center; padding-left: 30px;\"><span style=\"font-family: verdana,geneva; font-size: 14pt;\"><strong><em>Im Sturm auf die Probe gestellt<\/em><\/strong><\/span><br \/>\n<span style=\"font-family: verdana,geneva; font-size: 14pt;\"> <em> 35 Am Abend jenes Tages sagte Jesus zu seinen J\u00fcngern: &#8222;Kommt, wir fahren zum anderen Ufer hin\u00fcber!&#8220;<\/em><\/span><br \/>\n<span style=\"font-family: verdana,geneva; font-size: 14pt;\"> <em> 36 Die J\u00fcnger verabschiedeten die Leute; dann stiegen sie ins Boot, in dem Jesus noch sa\u00df, und fuhren los.<br \/>\nAuch andere Boote fuhren mit.<\/em><\/span><br \/>\n<span style=\"font-family: verdana,geneva; font-size: 14pt;\"> <em> 37 Da kam ein schwerer Sturm auf, so dass die Wellen ins Boot schlugen. Das Boot f\u00fcllte sich schon mit Wasser,<\/em><\/span><br \/>\n<span style=\"font-family: verdana,geneva; font-size: medium;\"> <em><span style=\"font-size: 14pt;\"> 38 Jesus aber lag hinten im Boot auf dem Sitzkissen und schlief.<\/span><br \/>\n<span style=\"font-size: 14pt;\">Die J\u00fcnger weckten ihn und riefen: &#8222;Lehrer, k\u00fcmmert es dich nicht, dass wir untergehen?&#8220;<\/span><\/em><\/span><br \/>\n<span style=\"font-family: verdana,geneva; font-size: 14pt;\"> <em> 39 Jesus stand auf, sprach ein Machtwort zu dem Sturm und befahl dem tobenden See:<br \/>\n&#8222;Schweig! Sei still!&#8220; Da legte sich der Wind, und es wurde ganz still.<\/em><\/span><br \/>\n<span style=\"font-family: verdana,geneva; font-size: 14pt;\"> <em> 40 &#8222;Warum habt ihr solche Angst?&#8220; fragte Jesus. &#8222;Habt ihr denn immer noch kein Vertrauen?&#8220;<\/em><\/span><br \/>\n<span style=\"font-family: verdana,geneva; font-size: 14pt;\"> <em> 41 Da befiel sie gro\u00dfe Furcht, und sie fragten sich: &#8222;Wer ist das nur, dass ihm sogar Wind und Wellen gehorchen!&#8220;<\/em><\/span><\/p>\n<p style=\"text-align: center; padding-left: 30px;\"><span style=\"font-family: verdana,geneva; font-size: small;\"><em>Markus-Evangelium 4, 35-41<\/em><\/span><\/p>\n<p style=\"text-align: center; padding-left: 30px;\"><a href=\"https:\/\/weltwaldwiesen.de\/weichenstellen\/wp-content\/uploads\/2013\/09\/Flut.jpg\"><img loading=\"lazy\" class=\"size-medium wp-image-1802 aligncenter\" style=\"width: 481px; height: 224px;\" src=\"https:\/\/weltwaldwiesen.de\/weichenstellen\/wp-content\/uploads\/2013\/09\/Flut-300x224.jpg\" alt=\"Flut\" width=\"300\" height=\"224\" srcset=\"https:\/\/www.weltwaldwiesen.de\/weichenstellen\/wp-content\/uploads\/2013\/09\/Flut-300x224.jpg 300w, https:\/\/www.weltwaldwiesen.de\/weichenstellen\/wp-content\/uploads\/2013\/09\/Flut.jpg 547w\" sizes=\"(max-width: 300px) 100vw, 300px\" \/><\/a><\/p>\n<p style=\"text-align: center; padding-left: 30px;\"><span style=\"color: #ff0000; font-size: 14pt;\"><strong><span style=\"font-family: verdana,geneva;\">IMPULSE<\/span><\/strong><\/span><\/p>\n<p><span style=\"font-family: verdana,geneva; font-size: 14pt;\"><strong>\u00b0 Wo gab es in meinem Leben \u201eheftigen Sturm\u201c und \u201eWellen schlugen in mein Schiff\u201c?<\/strong><\/span><\/p>\n<p><span style=\"font-family: verdana,geneva; font-size: 14pt;\"><strong>\u00b0 Wie habe ich mich in solchen Situationen verhalten?<\/strong><\/span><\/p>\n<p><span style=\"font-family: verdana,geneva; font-size: 14pt;\"><strong>\u00b0 Wie bew\u00e4ltige ich Situationen, die mir Angst machen?<\/strong><\/span><\/p>\n<p><span style=\"font-family: verdana,geneva; font-size: 14pt;\"><strong>\u00b0 Was bedeutet f\u00fcr mich \u201eVertrauen\u201c?<\/strong><\/span><\/p>\n<p><span style=\"font-size: 14pt;\"><span style=\"font-family: verdana,geneva;\"><strong>\u00b0\u00a0<\/strong><\/span><span style=\"font-family: verdana,geneva;\"><strong>Was ist in mir zu \u201ewecken\u201c?<\/strong><\/span><\/span><\/p>\n<p>&nbsp;<\/p>\n<hr \/>\n<p><span style=\"font-family: verdana,geneva; font-size: 14pt;\"><strong>SUCHT-PR\u00c4VENTION<\/strong><\/span><\/p>\n<p><span style=\"font-family: verdana,geneva; font-size: 14pt;\">Bevor es zur Sucht kommt, sind in der Regel ausweichendes Verhalten und Gew\u00f6hnung zu beobachten. Bei Sucht-Pr\u00e4vention geht es also nicht nur und in erster Linie um die Abwehr bekannter Abh\u00e4ngigkeiten von illegalen und legalen Drogen, sondern um alternatives Verhalten, das Freiheit schafft und vor Abh\u00e4ngigkeit bewahrt. &#8222;Sinn-volles&#8220; Leben bewahrt vor innerem Freiheits-Verlust.<\/span><\/p>\n<p><span style=\"font-family: verdana,geneva; font-size: 14pt;\">In einer grafischen Darstellung kann der Zusammenhang von Abh\u00e4ngigkeit (Sucht) und Sinn verdeutlicht werden.<\/span><\/p>\n<p><a href=\"https:\/\/weltwaldwiesen.de\/weichenstellen\/wp-content\/uploads\/2013\/09\/strukt.jpg\"><img loading=\"lazy\" class=\"size-medium wp-image-139 aligncenter\" src=\"https:\/\/weltwaldwiesen.de\/weichenstellen\/wp-content\/uploads\/2013\/09\/strukt-300x235.jpg\" alt=\"strukt\" width=\"300\" height=\"235\" srcset=\"https:\/\/www.weltwaldwiesen.de\/weichenstellen\/wp-content\/uploads\/2013\/09\/strukt-300x235.jpg 300w, https:\/\/www.weltwaldwiesen.de\/weichenstellen\/wp-content\/uploads\/2013\/09\/strukt.jpg 470w\" sizes=\"(max-width: 300px) 100vw, 300px\" \/><\/a><\/p>\n<p><span style=\"font-family: verdana,geneva; font-size: 14pt;\">Das Dreieck mit den durchgezogenen Linien nennen wir in der Fachsprache auch das &#8222;Bedingungs-Dreieck&#8220;. In einem bestimmten Zusammenspiel von Anlage, Sozialisation und Erfahrungen mit dem Suchtmittel kann es zum &#8218;Absinken der Abwehrkapazit\u00e4t&#8216;, das hei\u00dft zu einer Abh\u00e4ngigkeit kommen. Unter den Begriffen <strong>M<\/strong>ensch &#8211; <strong>M<\/strong>ilieu &#8211;<strong>M<\/strong>ittel wird es auch das &#8218;Drei-M-Modell&#8216; genannt.<\/span><\/p>\n<p><span style=\"font-family: verdana,geneva; font-size: 14pt;\">Das Dreieck mit den gestrichelten Linien beschreibt das &#8218;Beziehungs-Dreieck&#8216; mit den Eckpunkten ICH &#8211; DU &#8211; SINN.<\/span><\/p>\n<p><span style=\"font-family: verdana,geneva; font-size: 14pt;\">Legt man diese Dreiecke aufeinander, so ergeben sich Deckungen. Gut nachvollziehbar sind die Entsprechungen Anlage-MENSCH-ICH und Sozialisation-MILIEU-DU. An der Spitze decken sich SINN und Sucht.<\/span><\/p>\n<p><span style=\"font-family: verdana,geneva; font-size: medium;\"><span style=\"font-size: 14pt;\">Das f\u00fchrt zu der Aussage, dass eine &#8222;Sinn-L\u00fccke&#8220; im Leben eines Menschen h\u00e4ufig mit einem Ersatz-Mittel gef\u00fcllt wird. Wo &#8211; positiv formuliert &#8211; die Sinnhaftigkeit des eigenen Lebens entdeckt und gelebt wird, gibt es ein hohes Ma\u00df an Freiheit.<\/span><br \/>\n<span style=\"font-size: 14pt;\"><a title=\"SINN statt SUCHT\" href=\"https:\/\/weltwaldwiesen.de\/weichenstellen\/sinn-statt-sucht\/\">Siehe auch hier!<\/a><\/span><\/span><\/p>\n<hr \/>\n<p><span style=\"font-family: verdana,geneva; font-size: 14pt;\"><strong>SUPERVISION<\/strong><\/span><\/p>\n<p><span style=\"font-family: verdana,geneva; font-size: 14pt;\">Supervision ist eine Form von Beratung, die eine systematisierte Reflektion des beruflichen Handelns von Menschen erm\u00f6glicht, die in sozialen und p\u00e4dagogischen Praxisfeldern t\u00e4tig sind.<\/span><\/p>\n<p><span style=\"font-family: verdana,geneva; font-size: 14pt;\">Auch im beruflichen Vollzug bleiben Pers\u00f6nlichkeitsmerkmale und Sozialisation nicht einfach &#8222;drau\u00dfen&#8220;. Sie schwingen mit und bestimmen auch das berufliche Handeln. Da kann es geschehen, dass trotz guter Vorbereitung am Ende das Gef\u00fchl bleibt, dass &#8222;etwas nicht stimmte&#8220;.<\/span><\/p>\n<p><span style=\"font-family: verdana,geneva; font-size: 14pt;\">Die wichtigsten Ziele k\u00f6nnen so beschrieben werden:<\/span><\/p>\n<ul>\n<li><span style=\"font-family: verdana,geneva; font-size: 14pt;\">Eine Haltung von nicht-besitzergreifender W\u00e4rme, Empathie, Echtheit und Direktheit zu erwerben,<\/span><\/li>\n<li><span style=\"font-family: verdana,geneva; font-size: 14pt;\">eine gr\u00f6\u00dfere Bewusstheit und Sicherheit im Umgang mit den eigenen Gef\u00fchlen und der Bedeutung eigener Sozialisations- merkmale zu erhalten,<\/span><\/li>\n<li><span style=\"font-family: verdana,geneva; font-size: 14pt;\">das eigene Handeln kritisch reflektieren zu k\u00f6nnen.<\/span><\/li>\n<\/ul>\n<p><span style=\"font-family: verdana,geneva; font-size: 14pt;\">Angebot von Einzel- und Gruppensupervision. Dieses Angebot gilt &#8211; entsprechend modifiziert &#8211; auch ehrenamtlich T\u00e4tigen.<\/span><\/p>\n<p style=\"text-align: center;\"><span style=\"font-family: verdana,geneva; font-size: 14pt;\"><strong>In unterschiedlichen Zusammenh\u00e4ngen<\/strong><\/span><br \/>\n<span style=\"font-family: verdana,geneva; font-size: 14pt;\"> <strong> gibt es auf meiner Homepage Hinweise<\/strong><\/span><br \/>\n<span style=\"font-family: verdana,geneva; font-size: 14pt;\"> <strong> auf die Bedeutung von Spiritualit\u00e4t,<\/strong><\/span><br \/>\n<span style=\"font-family: verdana,geneva; font-size: 14pt;\"> <strong> auch und besonders im Beratungs-Prozess.<br \/>\n<\/strong><\/span><br \/>\n<span style=\"font-family: verdana,geneva; font-size: 14pt;\"> <strong> Wir brauchen Reflexionsm\u00f6glichkeiten,<\/strong><\/span><br \/>\n<span style=\"font-family: verdana,geneva; font-size: 14pt;\"> <strong> um unsere spirituelle Haltung zu leben und auszudr\u00fccken.<\/strong><\/span><br \/>\n<span style=\"font-family: verdana,geneva; font-size: 14pt;\"> <strong> Daf\u00fcr biete ich eine spezifische Supervision an!<\/strong><\/span><br \/>\n<span style=\"font-size: 14pt;\"> <strong><span style=\"font-family: verdana,geneva;\"> <a title=\"Kontakt\" href=\"https:\/\/weltwaldwiesen.de\/weichenstellen\/kontakt\/\">KONTAKT<\/a><\/span><\/strong><\/span><\/p>\n<p style=\"text-align: center;\"><span style=\"font-family: verdana,geneva; font-size: 14pt;\"><strong>Vortr\u00e4ge und Seminare, die ich anbiete,<br \/>\nfinden Sie <a href=\"https:\/\/weltwaldwiesen.de\/weichenstellen\/sinn-statt-sucht\/\">HIER!<\/a><\/strong><\/span><\/p>\n<hr \/>\n<p style=\"text-align: center;\"><span style=\"color: #ff0000; font-family: verdana,geneva,sans-serif; font-size: 18pt;\"><strong>GEGENGE<em><span style=\"color: #000000;\">SUCHT<\/span><\/em>-DER SIEBTE TAG<\/strong><\/span><\/p>\n<p style=\"text-align: center;\"><span style=\"font-family: verdana,geneva; font-size: medium;\"><span style=\"text-align: center;\"><a href=\"https:\/\/weltwaldwiesen.de\/weichenstellen\/wp-content\/uploads\/2013\/09\/Buch.jpg\"><img loading=\"lazy\" class=\"size-medium wp-image-1494 aligncenter\" src=\"https:\/\/weltwaldwiesen.de\/weichenstellen\/wp-content\/uploads\/2013\/09\/Buch-239x300.jpg\" alt=\"Buch\" width=\"239\" height=\"300\" srcset=\"https:\/\/www.weltwaldwiesen.de\/weichenstellen\/wp-content\/uploads\/2013\/09\/Buch-239x300.jpg 239w, https:\/\/www.weltwaldwiesen.de\/weichenstellen\/wp-content\/uploads\/2013\/09\/Buch.jpg 485w\" sizes=\"(max-width: 239px) 100vw, 239px\" \/><\/a><br \/>\n<\/span><span style=\"font-size: 14pt;\"><strong style=\"text-align: center;\">Einige meiner auf dieser Homepage ver\u00f6ffentlichten Gedanken<br \/>\n<\/strong><strong style=\"text-align: center;\">habe ich in mein Buch<br \/>\n&#8218;Gegenge<span style=\"color: #ff0000;\"><em>sucht<\/em><\/span> &#8211; Der siebte Tag&#8216;<br \/>\naufgenommen.<br \/>\n<\/strong><strong style=\"text-align: center;\"><br \/>\n<\/strong><span style=\"text-align: center;\"><strong>N\u00e4here Informationen und Bestellung<\/strong><br \/>\n<strong><a title=\"Gegengesucht \u2013 Der siebte Tag\" href=\"https:\/\/weltwaldwiesen.de\/weichenstellen\/gegengesucht-der-siebte-tag\/\">HIER<\/a><\/strong><\/span><\/span><\/span><\/p>\n<p style=\"text-align: center;\"><strong><span style=\"font-family: verdana, geneva, sans-serif; font-size: 14pt;\">Weitere Informationen<br \/>\n<\/span><\/strong><a href=\"https:\/\/www.weichenstellen.de\/blog\/mein-selbstverstaendnis\/wer-bin-ich\/\"><strong><span style=\"font-family: verdana, geneva, sans-serif; font-size: 14pt;\">WER BIN ICH?<\/span><\/strong><\/a><\/p>\n","protected":false},"excerpt":{"rendered":"<p>WEICHEN STELLEN geht davon aus, dass unser Leben niemals gradlinig verl\u00e4uft. Unser Leben ist &#8218;im Fluss&#8216; und unterliegt Einfl\u00fcssen, die den Lebensgang ver\u00e4ndern. Manchmal bedarf es der &#8218;Kurs&#8216;-Korrektur. An einer Weiche werden im Bahnverkehr Richtungen entschieden. Im Weichenbau wird das daf\u00fcr zentrale Element &#8218;Herz-St\u00fcck&#8216; genannt. Es wird zur Festlegung der Richtung gebraucht. Dieses HERZst\u00fcck ist\u2026 <span class=\"read-more\"><a href=\"https:\/\/www.weltwaldwiesen.de\/weichenstellen\/mein-selbstverstaendnis\/wer-bin-ich\/was-biete-ich-an\/\">Weiterlesen &raquo;<\/a><\/span><\/p>\n","protected":false},"author":2,"featured_media":0,"parent":124,"menu_order":5,"comment_status":"closed","ping_status":"closed","template":"page-templates\/full-width.php","meta":{"spay_email":""},"jetpack_shortlink":"https:\/\/wp.me\/P3UvYh-2a","jetpack_sharing_enabled":true,"_links":{"self":[{"href":"https:\/\/www.weltwaldwiesen.de\/weichenstellen\/wp-json\/wp\/v2\/pages\/134"}],"collection":[{"href":"https:\/\/www.weltwaldwiesen.de\/weichenstellen\/wp-json\/wp\/v2\/pages"}],"about":[{"href":"https:\/\/www.weltwaldwiesen.de\/weichenstellen\/wp-json\/wp\/v2\/types\/page"}],"author":[{"embeddable":true,"href":"https:\/\/www.weltwaldwiesen.de\/weichenstellen\/wp-json\/wp\/v2\/users\/2"}],"replies":[{"embeddable":true,"href":"https:\/\/www.weltwaldwiesen.de\/weichenstellen\/wp-json\/wp\/v2\/comments?post=134"}],"version-history":[{"count":6,"href":"https:\/\/www.weltwaldwiesen.de\/weichenstellen\/wp-json\/wp\/v2\/pages\/134\/revisions"}],"predecessor-version":[{"id":10626,"href":"https:\/\/www.weltwaldwiesen.de\/weichenstellen\/wp-json\/wp\/v2\/pages\/134\/revisions\/10626"}],"up":[{"embeddable":true,"href":"https:\/\/www.weltwaldwiesen.de\/weichenstellen\/wp-json\/wp\/v2\/pages\/124"}],"wp:attachment":[{"href":"https:\/\/www.weltwaldwiesen.de\/weichenstellen\/wp-json\/wp\/v2\/media?parent=134"}],"curies":[{"name":"wp","href":"https:\/\/api.w.org\/{rel}","templated":true}]}}